87655/4846910) a prime number?
True
Let s be (5/(-2))/((-10)/(-1720)). Let i = s + 1351. Suppose b = 2*b - i. Is b composite?
True
Suppose 3047109 - 374163 = 54*h. Is h a composite number?
False
Suppose -55077607 - 214385071 = -295*p + 90287757. Is p prime?
False
Suppose 2*z - 4*z + 3 = o, 29 = 3*o + z. Suppose 6*x - o*x = -103405. Is x prime?
True
Is (-17 - 4408/(-261)) + (-45074)/(-18) + -1 composite?
False
Let z(g) = -g**3 - 4*g**2 - g + 1. Let k be z(-4). Suppose 0 = v + k*w - 12024, -3*v - 2*w = -w - 36142. Is v prime?
True
Let b be (-9)/(-2) - (-7)/((-56)/(-12)). Suppose -b*f = -12*f + 348. Is f a prime number?
False
Suppose -3*m = -5*m - 46. Suppose -2*b + 112 = 4*r, -b + 3*r - 6*r + 63 = 0. Let t = m + b. Is t composite?
False
Let g = 0 + 1. Let f(i) = i + 1. Let a(s) = -19*s - 4. Let u(p) = g*a(p) + 5*f(p). Is u(-6) prime?
False
Let g(m) = 107*m**2 - 8*m + 22. Let t = 111 - 119. Let s be g(t). Suppose -4*q = 2330 - s. Is q prime?
True
Is (-298981)/(-2) - (-30)/(-20) a composite number?
False
Is (-3581)/(((-171)/(-711))/(-19)) a prime number?
False
Let u(s) = 534*s**2 - 51*s - 101. Is u(14) composite?
True
Suppose -i = 5*i + 96. Let n be ((-5)/(5/(-3)))/((-12)/i). Is (n + -6)*1418/(-4) prime?
True
Suppose -4*k + 5*f + 100397 = 0, 5*k - 125470 = -0*k + f. Suppose 104488 = 15*d + k. Is d a prime number?
False
Let m(s) = -61117*s - 844. Is m(-11) a prime number?
True
Let v(t) = -232*t**3 - 20*t**2 + 24*t + 71. Is v(-12) composite?
False
Let x(r) = 7*r + 44*r + 46*r**2 - 34596*r**3 + 34597*r**3 + 13. Is x(-34) a prime number?
False
Suppose 6*m + 2 = -22. Let h be 231/(-44) - 1/m. Is 1 + h - -5*389 a prime number?
False
Is 1889*16 + -110 + 123 a composite number?
True
Let s(v) = -10*v**2 + 14*v + 5. Let d(n) = 11*n**2 - 15*n - 6. Let p(k) = -2*d(k) - 3*s(k). Let x = -343 + 352. Is p(x) a composite number?
True
Let r be (-2)/6 + 75820/30. Let d = 4994 - r. Is d composite?
False
Let j(r) = r**3 - 8*r**2 - 13*r + 33. Let g be j(9). Let c be g - (-89 - 3/(-1)). Let w = 288 - c. Is w a composite number?
True
Let d(c) = 17*c - 5. Let b be d(1). Is (-20)/(-120) - (-6706)/b a composite number?
True
Suppose 0 = -4*b + 3*b - 3*o - 7, b - 2*o - 3 = 0. Is (-2134)/((2 - b)*(-6)/9) prime?
False
Let j = 10032 - 17183. Let m = 10732 + j. Is m a composite number?
False
Let u(z) = -z**3 - 14*z**2 - 6*z + 16. Suppose 5*n - 4 = 2*c, c + c = 2*n - 4. Let f be (3/(-1))/(c/(-20)*2). Is u(f) a composite number?
False
Let p(j) = 6928*j + 151. Is p(6) a composite number?
False
Let l = 439725 - 177394. Is l prime?
True
Is 17005565/(-213)*(-3)/5 a prime number?
True
Let o(f) = 18*f**3 + 15*f**2 + 7*f - 3. Let v(p) = 16*p - 155. Let l be v(10). Is o(l) a prime number?
True
Let z = 198 - 190. Suppose 0 = z*t + 2216 - 14704. Is t a composite number?
True
Is (5/((-10)/(-38)))/((-14)/(-10346)) a composite number?
True
Let g(w) = 6*w**2 - 23*w + 11. Suppose -8*f = -15*f + 784. Suppose -5*q = 3*q - f. Is g(q) composite?
True
Is (6999/15*185)/(1 + 0) a prime number?
False
Let s(h) = h**3 + 12*h**2 + 25*h + 45. Let u be s(-10). Is u - 3068/(2 - 48/18) a composite number?
False
Suppose 2*u + 4*u = 180. Suppose u*d - 282908 = 88462. Is d a composite number?
False
Suppose 147*v - 22089644 + 8720435 = 0. Is v prime?
True
Suppose 9*q = 8*q + 44. Suppose -q = 3*i - i. Let d = i + 701. Is d a composite number?
True
Let q = -304006 - -657053. Is q a prime number?
True
Suppose h = -3*f + 510374, 13*h + 680497 = 4*f + 14*h. Is f composite?
False
Suppose -49 = -3*v - 5*b, -5*v + 5*b - 1 = -96. Suppose 39*k = v*k + 1894767. Is k a prime number?
True
Suppose 3*h - 8 = -4*x, 2 = -h - 0*h + x. Suppose h = -5*u - 4*w + 80, -2*u - 8 = -w - 27. Let i(f) = 24*f - 31. Is i(u) prime?
True
Let b be (0 + 16/28)/((-2)/(-14)). Suppose -b*l - 8*l = -40524. Is l composite?
True
Suppose -3 = -q, -2*d + 4*d - 4*q = 3610. Let g = 2545 - d. Is g a prime number?
False
Let n = 144 - 141. Suppose 4*q + w - 10825 = 0, n*q + 7*w - 3*w - 8135 = 0. Is q a prime number?
False
Let y(d) = -986*d - 5. Suppose 5*i + 10 = 2*q, 2*i - q + 4 = q. Is y(i) a prime number?
False
Suppose -2*p + 2*z = -36706, -15407 - 2946 = -p + 2*z. Is p a composite number?
False
Let w = -71 + 63. Let k be (-6)/w + 260/16. Suppose k*q - 15*q = 116. Is q a prime number?
False
Let d(w) = -w**3 + 2*w**2 + 3*w - 3. Let n be d(2). Let r(g) = -398*g + 41. Let x(s) = 199*s - 22. Let f(l) = -4*r(l) - 7*x(l). Is f(n) prime?
True
Let z = 429 - 431. Is 1 - z - 4*12085/(-10) prime?
False
Let s be (3/(-12))/((-6)/72). Suppose -4*m - 5067 + 22863 = 5*g, -s*m - 2*g = -13347. Suppose -2*w + 2595 - 372 = u, 5*u = -4*w + m. Is w a composite number?
True
Let d = 3577 + -5995. Let h = 16189 + d. Is h a prime number?
False
Suppose 0 = -4*b - 8 - 4, 4*b - 462283 = -5*c. Is c composite?
False
Let c(p) = 2*p**2 + 7*p - 27. Let h be c(-6). Suppose 5*b - 108843 = -4*f, 5*b - h*f - 46833 - 61996 = 0. Is b a composite number?
False
Suppose g - n - 4029 = 2227, 0 = 3*g - 4*n - 18771. Let v = 23484 - g. Is v a prime number?
True
Suppose 18*t - 979 + 8701 = 0. Let f = 1468 + t. Is f prime?
True
Suppose -23 = -5*t - 28. Is t*(-3)/((-18)/(-10914)) prime?
False
Let b = 48 - 23. Suppose 0*t = 2*t + p + b, p + 64 = -5*t. Let j(z) = -z**3 - 4*z**2 + 5*z + 9. Is j(t) composite?
True
Let h be (-18)/81 + (-1410)/(-27). Is (-13)/(h/(-80)) + -7 a composite number?
False
Let b(n) be the third derivative of n**5/6 + 5*n**4/12 - n**3/6 - 12*n**2 + 2. Is b(-15) a composite number?
False
Let n(g) = -g**3 + 40*g**2 - 73*g - 107. Let r be n(38). Suppose 13*j + r*j = 3260. Is j a prime number?
True
Let n(t) = 541*t**2 + 12*t - 73. Let p be n(7). Is p/25 + ((-2)/(-5))/2 prime?
True
Let n(p) = p**2 - p - 7. Let y be n(4). Suppose 0 = -5*r + 20, 3*f + 3 = r + y. Is f + -3 + 478 + 2 prime?
True
Let w(m) = m**3 + m**2 - m + 780. Let k be w(0). Let s be 989/(-3) + 8/48*-8. Let h = s + k. Is h composite?
False
Let r(l) = -10*l + 18. Let j be (8/(-12))/((-3)/27). Let z(u) = -11*u + 19. Let a(d) = j*r(d) - 7*z(d). Is a(10) a composite number?
True
Suppose -723 = 5*i - 5*p - 3363, 2*p = -3*i + 1584. Suppose 4*x = -2*y + 4*y + 508, 4*x + 3*y - i = 0. Is x a prime number?
False
Let p = 46 + -41. Let y(d) = 341*d + 4. Let o(b) = -b - 1. Let f(u) = 6*o(u) + y(u). Is f(p) a composite number?
True
Let r be (5/(-2))/(25/(-60)). Suppose j = r*j - 4*y - 65, 0 = -2*y + 10. Let x(w) = -w**3 + 19*w**2 + 13*w - 12. Is x(j) a composite number?
False
Suppose 27891331 + 78153098 = 579*q. Is q a composite number?
False
Suppose -3148757 = 16072*k - 16089*k. Is k prime?
True
Suppose -653156 = -4*n - 5*w, 4*n - 3*w - 448043 = 205145. Is n prime?
False
Let m = -2357 - -16612. Is m a composite number?
True
Suppose -2*d - 4*i - 6 = 0, -i + 4*i = -4*d + 8. Suppose 2*q + 3*q = a - 112, 0 = 3*a - d*q - 326. Let o = a + -49. Is o composite?
True
Is 2 + (-2)/3 + 0 - 48284749/(-159) composite?
False
Let h(j) = 39*j**2 + 5*j + 7. Let v be h(-6). Let t be v/(65/(-26)*2/30). Is (5 - 14/3)*t/(-2) composite?
False
Let t be ((-20)/50 - (-3502)/30)*-27. Let m = -2242 - t. Is m a composite number?
True
Let o(q) be the third derivative of -307*q**4/24 - 4*q**3 + 125*q**2. Is o(-5) composite?
False
Suppose 0 = 3*h + 2*k - 747785, 9*h - 4*h = -k + 1246292. Is h a prime number?
True
Let z(c) = -8*c**3 - 8*c**2 - 8*c - 5. Let i = -92 - -81. Is z(i) a composite number?
True
Let s(z) = 37*z**3 + 26*z**2 + 48*z + 47. Is s(13) composite?
True
Let j(n) = 95*n**2 - 12*n - 41. Let l be j(-7). Suppose 1200 + l = 6*y. Is y a prime number?
True
Let t(g) = -44 + 9*g - 3*g - 4*g. Let a be t(23). Suppose -d - 5*j = -a*j - 127, 2*d - 5*j - 254 = 0. Is d a composite number?
False
Let d = 1139352 + -339299. Is d a prime number?
True
Suppose 2233 = 2*n + 5*n. Suppose -7*u = -n - 346. Suppose 42*j - u = 37*j. Is j prime?
True
Let y = 287221 + -170510. Is y prime?
False
Let j(r) = -4286*r + 1345. Is j(-8) a prime number?
False
Let f(j) = 2086*j**2 - 2*j - 1 - 4*j + 11*j. Is f(2) a composite number?
False
Suppose -3*d + 17732 = d + 5*t, -3*t = -4*d + 17732. Suppose 6389 = 3*a - 5*i - 1701, 4*a - 10794 = 3*i. Let l = d - a. Is l a prime number?
True
Let b(m) = 6541*m - 9. Let v be b(1). Suppose -3*c = 5*n - v, 5*c - 3*c = -5*n + 4353. Is c a prime number?
Tr